 of n and 260?
5
Suppose -16*q + 75 = -85. What is the highest common factor of 50 and q?
10
Suppose -2*q = -2*n - 2, -3*n = 5*q - 2*q - 3. Suppose -11*v + 329 + 111 = n. Calculate the greatest common divisor of v and 80.
40
Let p = 35 + 0. Suppose -5*x = 4*f - 111, 0 = -5*x + 2*f + 47 + 70. Suppose -x*k + 21 = -20*k. What is the greatest common divisor of p and k?
7
Let u(m) = m**3 + m - 3. Let n(x) = x**3 + x + 3. Let v be n(0). Let d be u(v). Suppose -9*j - 57 + 2244 = 0. Calculate the highest common divisor of j and d.
27
Suppose -44*o = 2*o - 1656. Suppose -b + 1260 = 4*b. Calculate the greatest common factor of o and b.
36
Let i = 96 - 75. Calculate the greatest common divisor of i and 28.
7
Suppose -22*t + 4687 = -2529. What is the greatest common divisor of t and 123?
41
Suppose 0 = -f - 3*w + 148, 13*f - 5*w = 10*f + 500. Suppose 2*b - 18 = 3*x + 31, -2*b = 5*x - 25. Calculate the greatest common divisor of b and f.
20
Suppose 2*o - 4 = -4*u, -o = u + 2*o + 4. Suppose -5*d = h - 73, -u*h = 2*d + h - 37. What is the highest common factor of 56 and d?
14
Suppose y - 6*g = -4*g + 74, -5*y + 5*g = -395. Let b(f) = 5*f**2 + 1. Let x be b(2). What is the greatest common divisor of x and y?
21
Suppose -3*y - 33 = -6*y. Calculate the greatest common divisor of y and 77.
11
Let g be 46 - ((-38)/(-8) - (-6)/(-8)). What is the greatest common factor of g and 36?
6
Let b = 823 - 813. What is the greatest common factor of b and 160?
10
Suppose 2*b = 13*z - 12*z - 36, -4*b + 128 = 3*z. Calculate the greatest common divisor of 540 and z.
20
Let p(q) = -3*q**2 - 10*q - 4. Let c be p(-4). Let h be c/(-54) + (-500)/(-18). Suppose -2*y - 2*y + 224 = 0. What is the greatest common factor of y and h?
28
Let i(o) = -9*o**2. Let b be i(1). Let s(n) = -13*n + 19. Let f be s(b). Calculate the greatest common factor of 17 and f.
17
Let q(w) = -20*w + 21. Let x be ((-74)/10 - (-32)/80) + 1. Let p be q(x). What is the highest common factor of p and 47?
47
Let j(m) = 4*m**2 + 4*m - 30. Let q be j(3). Calculate the greatest common factor of 30 and q.
6
Suppose -3*m + 83 = 5*z, -3*m + 126 = 2*m - 4*z. Let v = -27 + 53. What is the highest common divisor of m and v?
26
Suppose -4*g - 4*v + 32 = 0, 9*g - 4*g + 4*v = 35. Suppose -2*h + 0*a = g*a - 26, -2*h + 34 = -a. Calculate the greatest common divisor of h and 4.
4
Let h be -5*7/((-105)/246). Suppose 2*f + 63 = s, h = 4*s + 4*f - 170. Let l = s + -27. What is the highest common divisor of l and 24?
12
Let n = 16 - 15. Let o be (n - -1)*(-6)/(-12). Suppose 15 = 3*c - 0*c. What is the highest common divisor of o and c?
1
Suppose n + 4 = 5*n. Suppose n = -m, 9*i - m = 4*i + 101. Calculate the highest common factor of i and 10.
10
Suppose 164 = 2*y - 0*y. Let t = y - 48. Suppose -15 = -5*i, -a + 14 + 0 = -i. Calculate the highest common divisor of a and t.
17
Let r be (2 + -1)*18/2. Let h = 127 - 118. Calculate the greatest common factor of h and r.
9
Let i(f) = 3*f + 15. Let v be i(1). Calculate the greatest common factor of 414 and v.
18
Let v(w) = w**2 - 12*w + 31. Let u be v(10). Suppose 4*c + 137 = -19. Let a = -28 - c. Calculate the highest common factor of a and u.
11
Let t(c) = c + 23. Let l be t(-2). What is the greatest common factor of l and 6?
3
Suppose 2*d + 0 + 8 = 0. Let c(p) = p**3 + 5*p**2 + p - 2. Let g be c(d). Let s be -1 - -1*(90 - -1). What is the greatest common factor of s and g?
10
Let c = -3 - 2. Let z(h) = -10*h - 15. Let g be z(c). What is the highest common divisor of 5 and g?
5
Let a(f) = f**2 - 17*f - 20. Let n be a(19). Let v be 45/(-6)*(-12)/n. What is the highest common divisor of 25 and v?
5
Let l = 373 + -313. Calculate the highest common factor of 75 and l.
15
Let k = -720 - -800. Calculate the greatest common factor of k and 144.
16
Suppose -x = 3*x + 3*j - 26, -30 = -4*x - 5*j. Suppose t + x*t = 792. What is the highest common divisor of t and 33?
33
Suppose 2*c = -p + 34, 5*c = c - 3*p + 72. What is the greatest common factor of c and 24?
3
Let y(l) = l + 78. Let u be y(0). Suppose -82 - u = -5*c. Let s be (-192)/((-21)/2 + 28/(336/108)). Calculate the greatest common factor of c and s.
32
Let u(b) = b**3 - 4*b**2 - 13*b - 30. Let i be u(7). Calculate the highest common divisor of i and 65.
13
Suppose 3*g = -h - 1, 0*h = -5*g + 2*h + 13. Let v be -8*g*63/(-36). Calculate the greatest common factor of v and 14.
14
Let u(g) = -4*g**3 + 37*g**2 - 5*g - 2. Let c be u(9). Calculate the greatest common factor of 136 and c.
34
Suppose 0 = -5*m + l + 279, 2*l + 166 = 19*m - 16*m. Suppose -18 = -3*i + 24. What is the greatest common factor of m and i?
14
Let x = -20 + 20. Suppose x*h = -h - 6. Let l = h - -15. Calculate the greatest common divisor of l and 36.
9
Let v be (-1)/((-2)/150) + 0. Let n be (-3 + 2)*(0 - 74). Suppose -5*h + 51 = -n. Calculate the highest common divisor of v and h.
25
Let n(r) = -r**3 + 47*r**2 - r - 115. Let s be n(46). Calculate the greatest common divisor of 34 and s.
17
Suppose 4*i - 2 = -4*r + 10, -3*r = -2*i - 9. Let a = 5 + i. Calculate the greatest common factor of 20 and a.
5
Suppose -170*w - 2450 = -177*w. What is the highest common divisor of w and 14?
14
Let p = 289 + -274. What is the greatest common factor of 9 and p?
3
Let y be (40/(-7))/((-8)/56). Calculate the greatest common divisor of y and 8.
8
Let v = 45 - -46. Calculate the greatest common divisor of v and 21.
7
Suppose 32*c - 4787 = -659. Calculate the highest common factor of c and 86.
43
Let s(d) = -44 - 2*d - 8*d + 18*d - 2*d. Let a be s(8). What is the highest common factor of 60 and a?
4
Let o(k) = 3*k - 50. Let r(h) = -16*h + 248. Let c(a) = -11*o(a) - 2*r(a). Let m be c(7). What is the greatest common divisor of m and 235?
47
Let u = -580 + 631. What is the highest common factor of 85 and u?
17
Let d be (-6)/4*(-12)/(-9). Let o be d/(-4) - (-10)/(-20). Suppose 5*j - 376 + 1 = o. What is the greatest common divisor of 50 and j?
25
Suppose -133 = -2*c + 7. Suppose -3*a - 65 = -3*o + c, a = -5*o + 195. What is the highest common divisor of 8 and o?
8
Let b be -2 + 1 + (-7225)/(-25). What is the highest common divisor of 384 and b?
96
Suppose -4*n = 5*z - 160, 0*n + 4*z - 160 = -4*n. Let v = 82 + -22. Calculate the greatest common factor of v and n.
20
Suppose 4*k - 34 = 2*a, -3*k - 5*a + a + 53 = 0. Suppose -2*q + 98 = 5*g, -q + 126 = 2*q - 3*g. What is the highest common factor of k and q?
11
Let a = 40 + -40. Let n(y) = y**3 + 2*y**2 + y + 133. Let p be n(a). Calculate the highest common divisor of p and 19.
19
Let b be (120/(-25))/((-10)/100). What is the greatest common factor of 336 and b?
48
Let c = -10 - -10. Suppose c*n + 4*n = -8. Let a be (20/6)/(n/(-9)). What is the highest common divisor of a and 10?
5
Suppose 0 = -78*n - 153 + 31353. What is the greatest common factor of n and 100?
100
Let r(q) = 2*q + 18. Let m be r(0). Suppose -m*c - 3 = -21*c. What is the highest common factor of c and 1?
1
Suppose -5*p = -3*i + 47, 13 = 2*i + 3*p + 7. What is the highest common divisor of 153 and i?
9
Let s = -198 - -273. What is the highest common factor of 75 and s?
75
Let f be (-1 + 0)*(-51)/3. Let p = -171 + 304. Suppose y + 3*y - p = m, 3*m + 93 = 3*y. What is the greatest common factor of y and f?
17
Let l(w) = -2*w - 25. Let y(a) = -a - 1. Let d(k) = -l(k) + 3*y(k). Let h be d(-4). Calculate the greatest common divisor of h and 65.
13
Let o = 339 + -136. What is the greatest common divisor of o and 58?
29
Suppose g = 8*g - 21. Suppose 3*q - g*f - 93 = q, 4*f = -3*q + 131. What is the greatest common factor of q and 30?
15
Suppose -k = -3 - 0. Suppose -k*n + 1 = -z - 9, 5 = z. Suppose -5*d = -5*b - 0*d + 260, n*d = 0. What is the greatest common divisor of b and 78?
26
Let n be (4/3)/((-4)/6). Let v be (n + (-1 - -2))*-17. Suppose -4 = g + 1, 0 = -3*i - g + 556. Calculate the highest common factor of i and v.
17
Let q be ((-34)/(-8))/((-2)/(-8)). Let b be ((-1)/2)/((-2)/(-20)). Let g = q + b. Calculate the highest common divisor of g and 60.
12
Suppose -1266 = -136*f + 5534. What is the highest common factor of f and 110?
10
Let n(y) = -86*y - 2. Suppose -3*t = 10 - 7. Let v be n(t). Calculate the greatest common divisor of 14 and v.
14
Suppose 3*d = 4*d. Suppose -2*l = -d*l 